er when 1705 is divided by 191.
177
Calculate the remainder when 22992 is divided by 35.
32
Calculate the remainder when 458 is divided by 116.
110
Calculate the remainder when 363 is divided by 16.
11
What is the remainder when 130 is divided by 41?
7
Calculate the remainder when 1843 is divided by 302.
31
Calculate the remainder when 299 is divided by 8.
3
What is the remainder when 235 is divided by 140?
95
Calculate the remainder when 1411 is divided by 203.
193
What is the remainder when 1171 is divided by 60?
31
Calculate the remainder when 65098 is divided by 217.
215
Calculate the remainder when 331 is divided by 37.
35
What is the remainder when 1937 is divided by 195?
182
What is the remainder when 1465 is divided by 474?
43
What is the remainder when 6147 is divided by 110?
97
What is the remainder when 4718 is divided by 214?
10
What is the remainder when 148 is divided by 15?
13
What is the remainder when 3222 is divided by 104?
102
What is the remainder when 2953 is divided by 74?
67
What is the remainder when 357 is divided by 12?
9
What is the remainder when 31 is divided by 7?
3
Calculate the remainder when 730 is divided by 67.
60
What is the remainder when 49 is divided by 34?
15
What is the remainder when 268 is divided by 36?
16
What is the remainder when 256 is divided by 106?
44
What is the remainder when 299 is divided by 76?
71
Calculate the remainder when 679 is divided by 156.
55
Calculate the remainder when 89 is divided by 15.
14
Calculate the remainder when 342 is divided by 73.
50
What is the remainder when 351 is divided by 50?
1
What is the remainder when 493 is divided by 16?
13
What is the remainder when 365 is divided by 95?
80
What is the remainder when 1324 is divided by 47?
8
Calculate the remainder when 90 is divided by 48.
42
What is the remainder when 226 is divided by 104?
18
Calculate the remainder when 893 is divided by 31.
25
Calculate the remainder when 317 is divided by 87.
56
Calculate the remainder when 174 is divided by 59.
56
Calculate the remainder when 524 is divided by 173.
5
Calculate the remainder when 234 is divided by 34.
30
Calculate the remainder when 1151 is divided by 110.
51
What is the remainder when 2103 is divided by 27?
24
What is the remainder when 404 is divided by 91?
40
What is the remainder when 1464 is divided by 468?
60
What is the remainder when 1205 is divided by 304?
293
What is the remainder when 612 is divided by 52?
40
Calculate the remainder when 4289 is divided by 11.
10
Calculate the remainder when 311 is divided by 63.
59
What is the remainder when 893 is divided by 15?
8
Calculate the remainder when 230 is divided by 102.
26
Calculate the remainder when 1077 is divided by 77.
76
Calculate the remainder when 360 is divided by 33.
30
What is the remainder when 9369 is divided by 62?
7
Calculate the remainder when 3597 is divided by 12.
9
Calculate the remainder when 1215 is divided by 76.
75
What is the remainder when 588 is divided by 16?
12
Calculate the remainder when 116 is divided by 48.
20
What is the remainder when 1067 is divided by 121?
99
Calculate the remainder when 321 is divided by 7.
6
Calculate the remainder when 422 is divided by 75.
47
Calculate the remainder when 270 is divided by 263.
7
What is the remainder when 503 is divided by 255?
248
What is the remainder when 49 is divided by 10?
9
What is the remainder when 775 is divided by 30?
25
What is the remainder when 354 is divided by 111?
21
Calculate the remainder when 293 is divided by 40.
13
What is the remainder when 93 is divided by 4?
1
What is the remainder when 919 is divided by 135?
109
What is the remainder when 725 is divided by 23?
12
What is the remainder when 904 is divided by 26?
20
What is the remainder when 98 is divided by 34?
30
What is the remainder when 849 is divided by 286?
277
Calculate the remainder when 2301 is divided by 294.
243
What is the remainder when 48895 is divided by 9?
7
Calculate the remainder when 712 is divided by 17.
15
Calculate the remainder when 5209 is divided by 27.
25
What is the remainder when 881 is divided by 298?
285
Calculate the remainder when 50 is divided by 17.
16
What is the remainder when 354 is divided by 20?
14
What is the remainder when 219 is divided by 112?
107
What is the remainder when 213 is divided by 104?
5
Calculate the remainder when 767 is divided by 206.
149
Calculate the remainder when 32 is divided by 8.
0
What is the remainder when 977 is divided by 312?
41
What is the remainder when 94 is divided by 35?
24
Calculate the remainder when 951 is divided by 8.
7
Calculate the remainder when 10 is divided by 3.
1
What is the remainder when 111 is divided by 7?
6
What is the remainder when 17 is divided by 12?
5
Calculate the remainder when 1567 is divided by 15.
7
Calculate the remainder when 4105 is divided by 4.
1
Calculate the remainder when 143 is divided by 140.
3
Calculate the remainder when 1418 is divided by 29.
26
Calculate the remainder when 856 is divided by 66.
64
Calculate the remainder when 19 is divided by 18.
1
What is the remainder when 136 is divided by 23?
21
What is the remainder when 128 is divided by 29?
12
Calculate the remainder when 974 is divided by 50.
24
What is the remainder when 204 is divided by 53?
45
What is the remainder when 365 is divided by 23?
20
Calculate the remainder when 166 is divided by 86.
80
Calculate the remainder when 431 is divided by 54.
53
Calculate the remainder when 956 is divided by 352.
252
Calculate the remainder when 1305 is divided by 432.
9
What is the remainder when 304 is divided by 97?
13
What is the remainder when 1361 is divided by 31?
28
What is the remainder when 346 is divided by 70?
66
What is the remainder when 119 is divided by 24?
23
Calculate the remainder when 2021 is divided by 46.
43
Calculate the remainder when 264 is divided by 254.
10
Calculate the remainder when 106 is divided by 26.
2
Calculate the remainder when 195 is divided by 22.
19
Calculate the remainder when 802 is divided by 347.
108
What is the remainder when 80590 is divided by 69?
67
Calculate the remainder when 167 is divided by 8.
7
Calculate the remainder when 84 is divided by 24.
12
Calculate the remainder when 432 is divided by 136.
24
What is the remainder when 520 is divided by 74?
2
Calculate the remainder when 883 is divided by 17.
16
Calculate the remainder when 359 is divided by 117.
8
What is the remainder when 185 is divided by 24?
17
Calculate the remainder when 47 is divided by 10.
7
Calculate the remainder when 444 is divided by 134.
42
Calculate the remainder when 3391 is divided by 1.
0
Calculate the remainder when 2452 is divided by 11.
10
What is the remainder when 503 is divided by 39?
35
Calculate the remainder when 120 is divided by 56.
8
Calculate the remainder when 349 is divided by 74.
53
What is the remainder when 47 is divided by 2?
1
Calculate the remainder when 334 is divided by 123.
88
What is the remainder when 92 is divided by 79?
13
Calculate the remainder when 107 is divided by 5.
2
Calculate the remainder when 307 is divided by 31.
28
What is the remainder when 57 is divided by 10?
7
Calculate the remainder when 446 is divided by 222.
2
Calculate the remainder when 8638 is divided by 160.
158
What is the remainder when 243 is divided by 5?
3
Calculate the remainder when 237 is divided by 65.
42
What is the remainder when 314 is divided by 146?
22
What is the remainder when 623 is divided by 85?
28
What is the remainder when 522 is divided by 501?
21
Calculate the remainder when 213 is divided by 18.
15
What is the remainder when 872 is divided by 49?
39
What is the remainder when 2402 is divided by 27?
26
Calculate the remainder when 124 is divided by 18.
16
Calculate the remainder when 256 is divided by 9.
4
What is the remainder when 116 is divided by 14?
4
What is the remainder when 5483 is divided by 548?
3
Calculate the remainder when 68 is divided by 14.
12
Calculate the remainder when 571 is divided by 32.
27
Calculate the remainder when 2114 is divided by 15.
14
Calculate the remainder when 389 is divided by 17.
15
What is the remainder when 6181 is divided by 364?
357
Calculate the remainder when 141 is divided by 13.
11
Calculate the